{"id":111,"date":"2023-01-03T13:25:18","date_gmt":"2023-01-03T12:25:18","guid":{"rendered":"https:\/\/psicologa-aversa.it\/?page_id=111"},"modified":"2023-01-24T21:48:46","modified_gmt":"2023-01-24T20:48:46","slug":"tutor-dellapprendimento","status":"publish","type":"page","link":"https:\/\/psicologa-aversa.it\/index.php\/tutor-dellapprendimento\/","title":{"rendered":"Tutor dell&#8217;apprendimento e Doposcuola Specialistico"},"content":{"rendered":"\n<figure class=\"wp-block-image size-large\"><img loading=\"lazy\" decoding=\"async\" width=\"1024\" height=\"683\" src=\"https:\/\/psicologa-aversa.it\/wp-content\/uploads\/2023\/01\/pexels-andrea-piacquadio-3769995-1024x683.jpg\" alt=\"\" class=\"wp-image-155\" srcset=\"https:\/\/psicologa-aversa.it\/wp-content\/uploads\/2023\/01\/pexels-andrea-piacquadio-3769995-1024x683.jpg 1024w, https:\/\/psicologa-aversa.it\/wp-content\/uploads\/2023\/01\/pexels-andrea-piacquadio-3769995-300x200.jpg 300w, https:\/\/psicologa-aversa.it\/wp-content\/uploads\/2023\/01\/pexels-andrea-piacquadio-3769995-768x512.jpg 768w, https:\/\/psicologa-aversa.it\/wp-content\/uploads\/2023\/01\/pexels-andrea-piacquadio-3769995-1536x1024.jpg 1536w, https:\/\/psicologa-aversa.it\/wp-content\/uploads\/2023\/01\/pexels-andrea-piacquadio-3769995-2048x1365.jpg 2048w\" sizes=\"auto, (max-width: 1024px) 100vw, 1024px\" \/><\/figure>\n\n\n\n<p class=\"wp-block-paragraph\">Mi occupo del potenziamento dei processi di apprendimento attivando <strong>strategie utili <\/strong>a compensare le difficolt\u00e0, partendo dai <strong>punti di forza <\/strong>di ognuno.<\/p>\n\n\n\n<p class=\"wp-block-paragraph\">Supporto lo studente, di ogni ordine e grado fino all&#8217;universit\u00e0, in base al suo<strong> stile di apprendimento <\/strong>con attivit\u00e0 di pianificazione, organizzazione del tempo, materiali e strategie di studio.<\/p>\n\n\n\n<p class=\"wp-block-paragraph\">L&#8217;obiettivo \u00e8 rendere lo studente<strong> autonomo<\/strong>, capace di<strong> organizzarsi e responsabilizzarsi <\/strong>aumentando <strong>autostima<\/strong>, <strong>autoefficacia<\/strong>, <strong>percezione di valore<\/strong> e di <strong>funzionamento<\/strong>, <strong>autoconsapevolezza<\/strong> e <strong>autovalutazione.<\/strong><\/p>\n\n\n\n<p class=\"wp-block-paragraph\">Lo studio \u00e8 in stretto collegamento con le <em><strong>emozioni<\/strong> <\/em>e la<em><strong> loro gestione<\/strong><\/em>. <\/p>\n\n\n\n<p class=\"wp-block-paragraph\"><strong>IL DOPOSCUOLA SPECIALISTICO: COS&#8217; E&#8217; E A CHI E&#8217; RIVOLTO?<\/strong><\/p>\n\n\n\n<p class=\"wp-block-paragraph\">E&#8217; un <strong>servizio pomeridiano<\/strong>, rivolto a tutti gli studenti che hanno la necessit\u00e0 di acquisire un proprio metodo di studio e in particolare agli alunni con difficolt\u00e0 scolastiche.<br>Pu\u00f2 essere<strong> individuale o di gruppo.<\/strong><br>Risponde in modo <strong>personalizzato <\/strong>alle esigenze di ogni studente per scoprire il piacere dell&#8217;apprendimento e promuovere l&#8217;autonomia nello studio. <br>Non \u00e8 un doposcuola classico di affiancamento allo svolgimento dei compiti ma \u00e8 un percorso di accompagnamento allo studio, partendo dagli stili cognitivi di ciascuno studente. Vengono offerti strumenti e strategie psicoeducative al fine di favorire il benessere scolastico e la qualit\u00e0 della vita.<\/p>\n\n\n\n<p class=\"wp-block-paragraph\">Gli<strong><em> obiettivi<\/em> <\/strong>del doposcuola specialistico sono: <\/p>\n\n\n\n<ul class=\"wp-block-list\">\n<li><strong>Favorire<\/strong> l&#8217;autonomia nell&#8217;apprendimento attraverso la consapevolezza di s\u00e8 e la conoscenza di strumenti e strategie;<\/li>\n\n\n\n<li><strong>Recuperare o potenziare<\/strong> gli apprendimenti;<\/li>\n\n\n\n<li>Riuscire a far sentire lo studente <strong>&#8220;in grado di&#8221;<\/strong>;<\/li>\n\n\n\n<li>Favorire<strong> autonomie e motivazione<\/strong>;<\/li>\n\n\n\n<li>Donare ad ognuno la possibilit\u00e0 di vivere <strong>in modo positivo<\/strong> la scuola, rinforzando il proprio <strong>senso di competenza<\/strong>.<\/li>\n<\/ul>\n\n\n\n<figure class=\"wp-block-embed is-type-rich is-provider-instagram wp-block-embed-instagram\"><div class=\"wp-block-embed__wrapper\">\nhttps:\/\/www.instagram.com\/p\/Cnz1yWJruI0\/?utm_source=ig_web_copy_link\n<\/div><\/figure>\n\n\n\n<div id=\"wp-block-themeisle-blocks-advanced-columns-2c60bc77\" class=\"wp-block-themeisle-blocks-advanced-columns alignfull has-1-columns has-desktop-equal-layout has-tablet-equal-layout has-mobile-collapsedRows-layout has-reverse-columns-mobile has-vertical-center ticss-c00aadba\"><div class=\"wp-block-themeisle-blocks-advanced-columns-overlay\"><\/div><div class=\"innerblocks-wrap\">\n<div id=\"wp-block-themeisle-blocks-advanced-column-75b9263d\" class=\"wp-block-themeisle-blocks-advanced-column\">\n<div style=\"height:100px\" aria-hidden=\"true\" class=\"wp-block-spacer\"><\/div>\n\n\n\n<h1 id=\"wp-block-themeisle-blocks-advanced-heading-5d5675df\" class=\"wp-block-themeisle-blocks-advanced-heading wp-block-themeisle-blocks-advanced-heading-5d5675df\">Per qualsiasi informazione o per un appuntamento, scrivimi.<\/h1>\n\n\n\n<p id=\"wp-block-themeisle-blocks-advanced-heading-40ecd43d\" class=\"wp-block-themeisle-blocks-advanced-heading wp-block-themeisle-blocks-advanced-heading-40ecd43d\"><em>Ti aspetto!<\/em><\/p>\n\n\n\n<div class=\"wp-block-buttons is-content-justification-center is-layout-flex wp-container-core-buttons-is-layout-3e41869c wp-block-buttons-is-layout-flex\">\n<div class=\"wp-block-button is-style-primary\"><a class=\"wp-block-button__link wp-element-button\" href=\"https:\/\/wa.me\/393755716896\">Contattami<\/a><\/div>\n<\/div>\n\n\n\n<div style=\"height:100px\" aria-hidden=\"true\" class=\"wp-block-spacer\"><\/div>\n<\/div>\n<\/div><\/div>\n\n\n\n<p class=\"wp-block-paragraph\"><\/p>\n\n\n\n<p class=\"wp-block-paragraph\"><\/p>\n\n\n<h3 class=\"alignwide wp-block-site-title\"><a href=\"https:\/\/psicologa-aversa.it\" target=\"_self\" rel=\"home\">Psicologa Aversa &#8211; Assunta Sagliocco<\/a><\/h3>\n\n\n<p class=\"wp-block-paragraph\"><\/p>\n","protected":false},"excerpt":{"rendered":"<p>Mi occupo del potenziamento dei processi di apprendimento attivando strategie utili a compensare le difficolt\u00e0, partendo dai punti di forza di ognuno. Supporto lo studente, di ogni ordine e grado fino all&#8217;universit\u00e0, in base al suo stile di apprendimento con attivit\u00e0 di pianificazione, organizzazione del tempo, materiali e strategie di studio. L&#8217;obiettivo \u00e8 rendere lo [&hellip;]<\/p>\n","protected":false},"author":1,"featured_media":0,"parent":0,"menu_order":0,"comment_status":"closed","ping_status":"closed","template":"","meta":{"_bbp_topic_count":0,"_bbp_reply_count":0,"_bbp_total_topic_count":0,"_bbp_total_reply_count":0,"_bbp_voice_count":0,"_bbp_anonymous_reply_count":0,"_bbp_topic_count_hidden":0,"_bbp_reply_count_hidden":0,"_bbp_forum_subforum_count":0,"_crdt_document":"","_themeisle_gutenberg_block_has_review":false,"footnotes":""},"class_list":["post-111","page","type-page","status-publish","hentry"],"yoast_head":"<!-- This site is optimized with the Yoast SEO plugin v27.4 - https:\/\/yoast.com\/product\/yoast-seo-wordpress\/ -->\n<title>Tutor dell&#039;apprendimento e Doposcuola Specialistico - Psicologa Aversa - Assunta Sagliocco<\/title>\n<meta name=\"robots\" content=\"index, follow, max-snippet:-1, max-image-preview:large, max-video-preview:-1\" \/>\n<link rel=\"canonical\" href=\"https:\/\/psicologa-aversa.it\/index.php\/tutor-dellapprendimento\/\" \/>\n<meta property=\"og:locale\" content=\"it_IT\" \/>\n<meta property=\"og:type\" content=\"article\" \/>\n<meta property=\"og:title\" content=\"Tutor dell&#039;apprendimento e Doposcuola Specialistico - Psicologa Aversa - Assunta Sagliocco\" \/>\n<meta property=\"og:description\" content=\"Mi occupo del potenziamento dei processi di apprendimento attivando strategie utili a compensare le difficolt\u00e0, partendo dai punti di forza di ognuno. Supporto lo studente, di ogni ordine e grado fino all&#8217;universit\u00e0, in base al suo stile di apprendimento con attivit\u00e0 di pianificazione, organizzazione del tempo, materiali e strategie di studio. L&#8217;obiettivo \u00e8 rendere lo [&hellip;]\" \/>\n<meta property=\"og:url\" content=\"https:\/\/psicologa-aversa.it\/index.php\/tutor-dellapprendimento\/\" \/>\n<meta property=\"og:site_name\" content=\"Psicologa Aversa - Assunta Sagliocco\" \/>\n<meta property=\"article:publisher\" content=\"https:\/\/www.facebook.com\/profile.php?id=100086360235841\" \/>\n<meta property=\"article:modified_time\" content=\"2023-01-24T20:48:46+00:00\" \/>\n<meta property=\"og:image\" content=\"https:\/\/psicologa-aversa.it\/wp-content\/uploads\/2023\/01\/pexels-andrea-piacquadio-3769995-1024x683.jpg\" \/>\n<meta name=\"twitter:card\" content=\"summary_large_image\" \/>\n<meta name=\"twitter:label1\" content=\"Tempo di lettura stimato\" \/>\n\t<meta name=\"twitter:data1\" content=\"2 minuti\" \/>\n<script type=\"application\/ld+json\" class=\"yoast-schema-graph\">{\"@context\":\"https:\\\/\\\/schema.org\",\"@graph\":[{\"@type\":\"WebPage\",\"@id\":\"https:\\\/\\\/psicologa-aversa.it\\\/index.php\\\/tutor-dellapprendimento\\\/\",\"url\":\"https:\\\/\\\/psicologa-aversa.it\\\/index.php\\\/tutor-dellapprendimento\\\/\",\"name\":\"Tutor dell'apprendimento e Doposcuola Specialistico - Psicologa Aversa - Assunta Sagliocco\",\"isPartOf\":{\"@id\":\"https:\\\/\\\/psicologa-aversa.it\\\/#website\"},\"primaryImageOfPage\":{\"@id\":\"https:\\\/\\\/psicologa-aversa.it\\\/index.php\\\/tutor-dellapprendimento\\\/#primaryimage\"},\"image\":{\"@id\":\"https:\\\/\\\/psicologa-aversa.it\\\/index.php\\\/tutor-dellapprendimento\\\/#primaryimage\"},\"thumbnailUrl\":\"https:\\\/\\\/psicologa-aversa.it\\\/wp-content\\\/uploads\\\/2023\\\/01\\\/pexels-andrea-piacquadio-3769995-1024x683.jpg\",\"datePublished\":\"2023-01-03T12:25:18+00:00\",\"dateModified\":\"2023-01-24T20:48:46+00:00\",\"breadcrumb\":{\"@id\":\"https:\\\/\\\/psicologa-aversa.it\\\/index.php\\\/tutor-dellapprendimento\\\/#breadcrumb\"},\"inLanguage\":\"it-IT\",\"potentialAction\":[{\"@type\":\"ReadAction\",\"target\":[\"https:\\\/\\\/psicologa-aversa.it\\\/index.php\\\/tutor-dellapprendimento\\\/\"]}]},{\"@type\":\"ImageObject\",\"inLanguage\":\"it-IT\",\"@id\":\"https:\\\/\\\/psicologa-aversa.it\\\/index.php\\\/tutor-dellapprendimento\\\/#primaryimage\",\"url\":\"https:\\\/\\\/psicologa-aversa.it\\\/wp-content\\\/uploads\\\/2023\\\/01\\\/pexels-andrea-piacquadio-3769995-1024x683.jpg\",\"contentUrl\":\"https:\\\/\\\/psicologa-aversa.it\\\/wp-content\\\/uploads\\\/2023\\\/01\\\/pexels-andrea-piacquadio-3769995-1024x683.jpg\"},{\"@type\":\"BreadcrumbList\",\"@id\":\"https:\\\/\\\/psicologa-aversa.it\\\/index.php\\\/tutor-dellapprendimento\\\/#breadcrumb\",\"itemListElement\":[{\"@type\":\"ListItem\",\"position\":1,\"name\":\"Home\",\"item\":\"https:\\\/\\\/psicologa-aversa.it\\\/\"},{\"@type\":\"ListItem\",\"position\":2,\"name\":\"Tutor dell&#8217;apprendimento e Doposcuola Specialistico\"}]},{\"@type\":\"WebSite\",\"@id\":\"https:\\\/\\\/psicologa-aversa.it\\\/#website\",\"url\":\"https:\\\/\\\/psicologa-aversa.it\\\/\",\"name\":\"Psicologa Aversa - Assunta Sagliocco\",\"description\":\"La stanza di una psicologa\",\"publisher\":{\"@id\":\"https:\\\/\\\/psicologa-aversa.it\\\/#\\\/schema\\\/person\\\/27573329565b6e877df35fee55a0c405\"},\"potentialAction\":[{\"@type\":\"SearchAction\",\"target\":{\"@type\":\"EntryPoint\",\"urlTemplate\":\"https:\\\/\\\/psicologa-aversa.it\\\/?s={search_term_string}\"},\"query-input\":{\"@type\":\"PropertyValueSpecification\",\"valueRequired\":true,\"valueName\":\"search_term_string\"}}],\"inLanguage\":\"it-IT\"},{\"@type\":[\"Person\",\"Organization\"],\"@id\":\"https:\\\/\\\/psicologa-aversa.it\\\/#\\\/schema\\\/person\\\/27573329565b6e877df35fee55a0c405\",\"name\":\"Psicologa Assunta Sagliocco\",\"image\":{\"@type\":\"ImageObject\",\"inLanguage\":\"it-IT\",\"@id\":\"https:\\\/\\\/secure.gravatar.com\\\/avatar\\\/af6fcfb4b8b27811ecae902aba440d38f4ba452bef7f489b6112a35e4f650bf9?s=96&d=mm&r=g\",\"url\":\"https:\\\/\\\/secure.gravatar.com\\\/avatar\\\/af6fcfb4b8b27811ecae902aba440d38f4ba452bef7f489b6112a35e4f650bf9?s=96&d=mm&r=g\",\"contentUrl\":\"https:\\\/\\\/secure.gravatar.com\\\/avatar\\\/af6fcfb4b8b27811ecae902aba440d38f4ba452bef7f489b6112a35e4f650bf9?s=96&d=mm&r=g\",\"caption\":\"Psicologa Assunta Sagliocco\"},\"logo\":{\"@id\":\"https:\\\/\\\/secure.gravatar.com\\\/avatar\\\/af6fcfb4b8b27811ecae902aba440d38f4ba452bef7f489b6112a35e4f650bf9?s=96&d=mm&r=g\"},\"sameAs\":[\"https:\\\/\\\/psicologa-aversa.it\",\"https:\\\/\\\/www.facebook.com\\\/profile.php?id=100086360235841\",\"https:\\\/\\\/www.instagram.com\\\/lastanzadiunapsicologa\\\/\"]}]}<\/script>\n<!-- \/ Yoast SEO plugin. -->","yoast_head_json":{"title":"Tutor dell'apprendimento e Doposcuola Specialistico - Psicologa Aversa - Assunta Sagliocco","robots":{"index":"index","follow":"follow","max-snippet":"max-snippet:-1","max-image-preview":"max-image-preview:large","max-video-preview":"max-video-preview:-1"},"canonical":"https:\/\/psicologa-aversa.it\/index.php\/tutor-dellapprendimento\/","og_locale":"it_IT","og_type":"article","og_title":"Tutor dell'apprendimento e Doposcuola Specialistico - Psicologa Aversa - Assunta Sagliocco","og_description":"Mi occupo del potenziamento dei processi di apprendimento attivando strategie utili a compensare le difficolt\u00e0, partendo dai punti di forza di ognuno. Supporto lo studente, di ogni ordine e grado fino all&#8217;universit\u00e0, in base al suo stile di apprendimento con attivit\u00e0 di pianificazione, organizzazione del tempo, materiali e strategie di studio. L&#8217;obiettivo \u00e8 rendere lo [&hellip;]","og_url":"https:\/\/psicologa-aversa.it\/index.php\/tutor-dellapprendimento\/","og_site_name":"Psicologa Aversa - Assunta Sagliocco","article_publisher":"https:\/\/www.facebook.com\/profile.php?id=100086360235841","article_modified_time":"2023-01-24T20:48:46+00:00","og_image":[{"url":"https:\/\/psicologa-aversa.it\/wp-content\/uploads\/2023\/01\/pexels-andrea-piacquadio-3769995-1024x683.jpg","type":"","width":"","height":""}],"twitter_card":"summary_large_image","twitter_misc":{"Tempo di lettura stimato":"2 minuti"},"schema":{"@context":"https:\/\/schema.org","@graph":[{"@type":"WebPage","@id":"https:\/\/psicologa-aversa.it\/index.php\/tutor-dellapprendimento\/","url":"https:\/\/psicologa-aversa.it\/index.php\/tutor-dellapprendimento\/","name":"Tutor dell'apprendimento e Doposcuola Specialistico - Psicologa Aversa - Assunta Sagliocco","isPartOf":{"@id":"https:\/\/psicologa-aversa.it\/#website"},"primaryImageOfPage":{"@id":"https:\/\/psicologa-aversa.it\/index.php\/tutor-dellapprendimento\/#primaryimage"},"image":{"@id":"https:\/\/psicologa-aversa.it\/index.php\/tutor-dellapprendimento\/#primaryimage"},"thumbnailUrl":"https:\/\/psicologa-aversa.it\/wp-content\/uploads\/2023\/01\/pexels-andrea-piacquadio-3769995-1024x683.jpg","datePublished":"2023-01-03T12:25:18+00:00","dateModified":"2023-01-24T20:48:46+00:00","breadcrumb":{"@id":"https:\/\/psicologa-aversa.it\/index.php\/tutor-dellapprendimento\/#breadcrumb"},"inLanguage":"it-IT","potentialAction":[{"@type":"ReadAction","target":["https:\/\/psicologa-aversa.it\/index.php\/tutor-dellapprendimento\/"]}]},{"@type":"ImageObject","inLanguage":"it-IT","@id":"https:\/\/psicologa-aversa.it\/index.php\/tutor-dellapprendimento\/#primaryimage","url":"https:\/\/psicologa-aversa.it\/wp-content\/uploads\/2023\/01\/pexels-andrea-piacquadio-3769995-1024x683.jpg","contentUrl":"https:\/\/psicologa-aversa.it\/wp-content\/uploads\/2023\/01\/pexels-andrea-piacquadio-3769995-1024x683.jpg"},{"@type":"BreadcrumbList","@id":"https:\/\/psicologa-aversa.it\/index.php\/tutor-dellapprendimento\/#breadcrumb","itemListElement":[{"@type":"ListItem","position":1,"name":"Home","item":"https:\/\/psicologa-aversa.it\/"},{"@type":"ListItem","position":2,"name":"Tutor dell&#8217;apprendimento e Doposcuola Specialistico"}]},{"@type":"WebSite","@id":"https:\/\/psicologa-aversa.it\/#website","url":"https:\/\/psicologa-aversa.it\/","name":"Psicologa Aversa - Assunta Sagliocco","description":"La stanza di una psicologa","publisher":{"@id":"https:\/\/psicologa-aversa.it\/#\/schema\/person\/27573329565b6e877df35fee55a0c405"},"potentialAction":[{"@type":"SearchAction","target":{"@type":"EntryPoint","urlTemplate":"https:\/\/psicologa-aversa.it\/?s={search_term_string}"},"query-input":{"@type":"PropertyValueSpecification","valueRequired":true,"valueName":"search_term_string"}}],"inLanguage":"it-IT"},{"@type":["Person","Organization"],"@id":"https:\/\/psicologa-aversa.it\/#\/schema\/person\/27573329565b6e877df35fee55a0c405","name":"Psicologa Assunta Sagliocco","image":{"@type":"ImageObject","inLanguage":"it-IT","@id":"https:\/\/secure.gravatar.com\/avatar\/af6fcfb4b8b27811ecae902aba440d38f4ba452bef7f489b6112a35e4f650bf9?s=96&d=mm&r=g","url":"https:\/\/secure.gravatar.com\/avatar\/af6fcfb4b8b27811ecae902aba440d38f4ba452bef7f489b6112a35e4f650bf9?s=96&d=mm&r=g","contentUrl":"https:\/\/secure.gravatar.com\/avatar\/af6fcfb4b8b27811ecae902aba440d38f4ba452bef7f489b6112a35e4f650bf9?s=96&d=mm&r=g","caption":"Psicologa Assunta Sagliocco"},"logo":{"@id":"https:\/\/secure.gravatar.com\/avatar\/af6fcfb4b8b27811ecae902aba440d38f4ba452bef7f489b6112a35e4f650bf9?s=96&d=mm&r=g"},"sameAs":["https:\/\/psicologa-aversa.it","https:\/\/www.facebook.com\/profile.php?id=100086360235841","https:\/\/www.instagram.com\/lastanzadiunapsicologa\/"]}]}},"_links":{"self":[{"href":"https:\/\/psicologa-aversa.it\/index.php\/wp-json\/wp\/v2\/pages\/111","targetHints":{"allow":["GET"]}}],"collection":[{"href":"https:\/\/psicologa-aversa.it\/index.php\/wp-json\/wp\/v2\/pages"}],"about":[{"href":"https:\/\/psicologa-aversa.it\/index.php\/wp-json\/wp\/v2\/types\/page"}],"author":[{"embeddable":true,"href":"https:\/\/psicologa-aversa.it\/index.php\/wp-json\/wp\/v2\/users\/1"}],"replies":[{"embeddable":true,"href":"https:\/\/psicologa-aversa.it\/index.php\/wp-json\/wp\/v2\/comments?post=111"}],"version-history":[{"count":18,"href":"https:\/\/psicologa-aversa.it\/index.php\/wp-json\/wp\/v2\/pages\/111\/revisions"}],"predecessor-version":[{"id":339,"href":"https:\/\/psicologa-aversa.it\/index.php\/wp-json\/wp\/v2\/pages\/111\/revisions\/339"}],"wp:attachment":[{"href":"https:\/\/psicologa-aversa.it\/index.php\/wp-json\/wp\/v2\/media?parent=111"}],"curies":[{"name":"wp","href":"https:\/\/api.w.org\/{rel}","templated":true}]}}